4)?
-35
Let t(h) = -h**3 + 21*h**2 + 34*h + 297. Calculate t(23).
21
Let w(s) = 2*s**3 + 18*s**2 + 21*s - 37. Calculate w(-7).
12
Let j(n) = 3*n**2 + 649*n - 3314. Give j(5).
6
Let d(s) = 364*s**3 - 4*s**2 - 3*s + 3. Determine d(-1).
-362
Let o(p) = p**2 + 3171*p - 50991. Give o(16).
1
Let u(z) = -155*z**2 - 608*z - 433. Determine u(-3).
-4
Let q(h) = -h**3 + 28*h**2 - 63*h + 250. Give q(26).
-36
Let m(r) = r**3 - 15*r**2 - 51*r - 82. What is m(19)?
393
Let q(p) = -p**3 - 28*p**2 + 46*p + 471. What is q(-29)?
-22
Let q(b) = b**2 + 5*b - 201. Determine q(14).
65
Let v(n) = 76235*n - 76232. Calculate v(1).
3
Let o(j) = j**3 - 73*j**2 + 69*j + 5226. Determine o(71).
43
Let w(v) = -50*v + 61. Determine w(7).
-289
Let k(b) = b**3 - 60*b**2 - 63*b + 78. Determine k(61).
-44
Let f(h) = h**3 + 71*h**2 + 525*h + 161. Determine f(-8).
-7
Let i(r) = -r**2 + 27*r - 40. Give i(26).
-14
Let j(h) = -2*h**3 - 16*h**2 + 13*h + 100. What is j(-8)?
-4
Let p(n) = -n + 87. What is p(117)?
-30
Let j(d) = -2*d**2 + 148*d - 564. Calculate j(4).
-4
Let p(m) = -2*m**2 + 119*m - 1219. Give p(13).
-10
Let j(v) = 32*v - 356. Calculate j(13).
60
Let x(i) = -2*i**2 - i - 23. What is x(-3)?
-38
Let j(c) = 2*c**3 + 23*c**2 + 2216*c + 24252. What is j(-11)?
-3
Let s(m) = 201*m - 1830. Give s(9).
-21
Let x(r) = r**2 + 85*r - 2351. What is x(22)?
3
Let i(n) = -23*n - 831. Give i(-32).
-95
Let n(w) = w**2 + 120*w + 356. Determine n(-117).
5
Let a(q) = -2*q**3 + 5*q**2 + 4*q - 4. Give a(0).
-4
Let b(w) = 86*w - 369. Calculate b(5).
61
Let t(k) = -2*k**3 - 51*k**2 - 36*k - 126. Determine t(-25).
149
Let n(t) = -11*t**2 - 512*t - 281. What is n(-46)?
-5
Let s(g) = -1121*g + 8966. Calculate s(8).
-2
Let u(s) = -s**2 + 32*s - 57. Determine u(24).
135
Let q(s) = -17*s**2 + 229*s + 669. Calculate q(-3).
-171
Let j(i) = 4*i**2 + 169*i + 144. Give j(-40).
-216
Let a(o) = -o**2 - 46*o - 242. Give a(-41).
-37
Let i(b) = -2*b**3 + 107*b**2 - 52*b - 51. Give i(53).
2
Let y(h) = 193*h + 10610. What is y(-55)?
-5
Let o(p) = -29*p + 1040. Give o(46).
-294
Let o(w) = w**2 + 172*w - 1264. Determine o(7).
-11
Let m(z) = 11*z**2 + 6*z + 29. What is m(-3)?
110
Let g(b) = 2*b**2 - 3*b - 4. Calculate g(10).
166
Let w(g) = g**3 + 40*g**2 + 42*g + 92. Calculate w(-39).
-25
Let u(a) = -4*a**3 - 14*a**2 - 7*a + 3. Calculate u(-3).
6
Let i(f) = 174*f**2 + 2093*f + 65. Give i(-12).
5
Let n(q) = q**2 + 228*q - 4429. Calculate n(18).
-1
Let p(h) = 38*h + 25. Calculate p(5).
215
Let t(y) = -y**3 - 102*y**2 + 104*y + 72. Determine t(-103).
-31
Let g(p) = -21*p + 843. Determine g(40).
3
Let m(y) = -2*y**2 + 282*y - 1115. Determine m(4).
-19
Let l(n) = -n**3 + 13*n**2 - 33*n + 22. Calculate l(10).
-8
Let k(d) = -4*d**3 - 69*d**2 + 4*d. Calculate k(-17).
-357
Let t(v) = -31*v - 31. What is t(3)?
-124
Let a(k) = -6113*k - 18362. Give a(-3).
-23
Let x(t) = t**3 + 10*t**2 - 96*t - 32. Give x(6).
-32
Let g(x) = 9*x**2 + 96*x + 258. Calculate g(-6).
6
Let j(b) = 5*b**3 - 6*b**2 + 15*b - 35. What is j(2)?
11
Let j(i) = i**3 - 154*i**2 - 955*i - 815. Determine j(160).
-15
Let j(i) = i**3 + 151*i**2 + 304*i + 898. Determine j(-149).
4
Let s(v) = -v**2 + 55*v + 3. Give s(0).
3
Let p(t) = t**3 + 16*t**2 + 36*t + 61. What is p(-11)?
270
Let v(q) = -39*q + 1103. Give v(28).
11
Let t(y) = y**3 + y**2 - 639*y + 281. Give t(-26).
-5
Let c(o) = -2*o - 55. What is c(-50)?
45
Let b(q) = -q**3 - 11*q**2 - 13*q - 3. Determine b(-9).
-48
Let r(q) = 6*q**2 + 4*q. Determine r(4).
112
Let d(r) = 2*r**2 + 104*r - 1967. Calculate d(-67).
43
Let a(w) = 2*w**2 + w + 17. Determine a(-7).
108
Let c(m) = -5*m**2 - 5*m + 27. Give c(-7).
-183
Let r(v) = -3*v**2 + 45*v + 375. What is r(21)?
-3
Let h(j) = 19*j**2 + 2*j - 16. Determine h(-4).
280
Let b(d) = d**3 + 175*d**2 + 351*d + 5. Calculate b(-2).
-5
Let w(r) = -r**2 - 426*r - 31908. Determine w(-97).
5
Let p(s) = -446*s - 3587. Give p(-8).
-19
Let x(g) = -4*g**2 + 234*g + 552. Calculate x(61).
-58
Let n(z) = -237*z - 1191. Determine n(-5).
-6
Let p(m) = 2*m**3 - 11*m**2 + 9*m + 4. Give p(4).
-8
Let h(n) = -3*n**2 - 276*n - 817. Give h(-89).
-16
Let i(w) = 14602*w + 14601. Calculate i(-1).
-1
Let s(x) = -x**3 - 13*x**2 + 54*x + 110. What is s(-16)?
14
Let c(a) = 54*a + 822. What is c(-16)?
-42
Let p(i) = -2*i**3 - 48*i**2 + 30*i + 41. Determine p(-25).
541
Let w(g) = 2*g**3 + 30*g**2 + 36*g + 124. Calculate w(-14).
12
Let s(i) = 2*i**3 - 331*i**2 - 176*i + 1638. Determine s(166).
-22
Let y(q) = -88*q**3 + q**2 + 4*q - 4. Determine y(1).
-87
Let p(c) = -c**2 + 43*c + 639. Give p(57).
-159
Let x(s) = -3*s**2 - 28*s - 130. Calculate x(-8).
-98
Let m(h) = h**3 + 7*h**2 + 15*h + 5. Determine m(-4).
-7
Let y(g) = -g**3 + 67*g**2 + 47*g + 1430. What is y(68)?
2
Let s(w) = -w**2 - 20*w - 80. Give s(-8).
16
Let v(o) = o**3 + 12*o**2 + 380*o + 1717. Determine v(-5).
-8
Let d(p) = -1604*p - 1611. What is d(-1)?
-7
Let u(w) = -18*w + 924. Give u(42).
168
Let h(q) = -4202*q + 96641. Determine h(23).
-5
Let x(c) = -c**3 + 4*c**2 + 14*c + 40. Give x(8).
-104
Let h(f) = -2*f**2 + 65*f + 687. Give h(40).
87
Let h(p) = 38*p + 4250. Calculate h(-112).
-6
Let s(k) = -14*k**2 - 77*k - 36. Calculate s(-5).
-1
Let z(r) = 25*r + 1019. Determine z(-42).
-31
Let z(d) = 342*d - 5644. Calculate z(17).
170
Let m(b) = -b**3 - 8*b**2 - 66*b - 564. Determine m(-9).
111
Let s(m) = -5*m**3 - 53*m**2 - 33*m + 2. Give s(-10).
32
Let x(g) = 19*g**2 + 261*g - 54. Determine x(-14).
16
Let l(w) = 4*w**3 - w + 6. What is l(2)?
36
Let j(t) = 96*t + 1518. Determine j(-17).
-114
Let g(z) = -z**3 - 44*z**2 + 47*z + 129. What is g(-45)?
39
Let o(w) = 2*w**2 - 106*w - 981. What is o(61)?
-5
Let o(r) = r**3 + 150*r**2 - 458*r + 174. Determine o(-153).
21
Let z(f) = f**2 - 101*f + 665. Calculate z(94).
7
Let c(b) = 21*b**2 + 150*b + 14. Give c(-7).
-7
Let l(m) = -6*m + 83. What is l(9)?
29
Let u(h) = -15*h**2 - 82*h - 51. Determine u(-3).
60
Let q(x) = x**3 + 14*x**2 - 96*x + 25. Give q(-18).
457
Let o(v) = 2*v**2 - 37*v + 146. Give o(5).
11
Let p(k) = -5*k**2 - 16*k + 13. What is p(-7)?
-120
Let f(u) = -38*u**2 + 6764*u + 107. Give f(178).
107
Let h(g) = -90*g**3 + 8*g - 9. Give h(1).
-91
Let h(x) = x**3 + 18*x**2 + 18*x - 2. Calculate h(-17).
-19
Let j(o) = 7*o**2 - 127*o + 2. Determine j(18).
-16
Let t(z) = -140*z - 43. Calculate t(0).
-43
Let v(m) = 8*m**2 - 35*m - 7. What is v(4)?
-19
Let f(v) = 84*v**2 - 21*v + 21. Determine f(1).
84
Let i(y) = -715*y - 12883. Calculate i(-18).
-13
Let b(i) = -93*i + 7436. Calculate b(80).
-4
Let h(d) = 2*d**3 - 6*d**2 + 3*d + 68. Determine h(6).
302
Let c(r) = 2*r**3 - 6*r**2 - 14*r + 25. Determine c(4).
1
Let y(i) = -i**2 - 16486*i + 82456. Give y(5).
1
Let x(o) = -2*o**3 + 12*o**2 - 5*o + 35. Calculate x(6).
5
Let h(d) = -14*d + 762. Determine h(53).
20
Let n(u) = -u**2 - 117*u - 2020. Determine n(-21).
-4
Let t(n) = -5*n**2 - 3*n + 6. What is t(-2)?
-8
Let d(x) = 15*x**2 + 52*x - 12. Determine d(4).
436
Let c(r) = -216*r - 27229. Calculate c(-126).
-13
Let h(d) = -d**2 - 3*d + 256. Calculate h(14).
18
Let j(y) = 2952*y - 8823. Give j(3).
33
Let h(v) = -417*v + 25001. Calculate h(60).
-19
Let b(r) = r**3 - 17*r**2 + 26*r - 786. Calculate b(18).
6
Let h(z) = 2*z**2 - 38*z + 154. Calculate h(7).
-14
Let o(c) = -c**3 + 35*c**2 + 37*c - 86. Give o(36).
-50
Let j(f) = f**2 - 29*f + 210. Calculate j(14).
0
Let z(b) = -5*b**2 + 306*b + 1866. What is z(-6)?
-150
Let a(d) = -2012*d + 66381. Determine a(33).
-15
Let d(w) = -w**2 + 30*w - 63. What is d(10)?
137
Let k(s) = s**2 + 2*s - 12. Calculate k(-7).
23
Let b(c) = c**3 - 70*c**2 - 136*c - 580. Determine b(72).
-4
Let y(s) = -s**3 - 9*s**2 - 5*s - 75. Determine y(-10).
75
Let p(j) = -j**3 + 4*j**2 - 10*j + 16. What is p(5)?
-59
Let l(c) = -9051*c - 45261. Calculate l(-5).
-6
Let f(x) = -2*x**3 + 21*x**2 - 92*x + 819. Calculate f(10).
-1
Let s(b) = -144*b**3 - 5*b**2 + 4*b - 2. Give s(1).
-147
Let i(s) = 287*s + 29856. Calculate i(-104).
8
Let t(a) = -16*a + 482. What is t(-16)?
738
Let y(p) = -p**2 + 16*p + 109. Determine y(-5).
4
Let k(z) = -16*z + 177. Give k(6).
81
Let s(w) = w**3 - 4*w**2 - 426*w + 2479. What is s(6)?
-5
Let v(f) = f**3 + 8*f**2 + 45*f + 114. What is v(-4)?
-2
Let m(r) = -3*r**3 - 3*r**2 - 12*r - 26. Determine m(-4).
166
Let r(d) = 